 the prime factors of 68118266?
2, 83, 197, 2083
What are the prime factors of 2547905634?
2, 3, 17, 431, 19319
What are the prime factors of 399489585?
3, 5, 11, 2421149
List the prime factors of 151626009.
3, 17, 2973059
List the prime factors of 20991993.
3, 11, 173, 3677
What are the prime factors of 571076196?
2, 3, 157, 303119
What are the prime factors of 1859982212?
2, 11, 53, 797591
List the prime factors of 185548243.
19, 83, 117659
What are the prime factors of 4930925?
5, 59, 3343
List the prime factors of 78628463.
79, 947, 1051
List the prime factors of 26642782.
2, 53, 251347
List the prime factors of 2286922854.
2, 3, 17099, 22291
What are the prime factors of 463049953?
101, 4584653
List the prime factors of 2507789066.
2, 467, 2684999
What are the prime factors of 40982668?
2, 10245667
List the prime factors of 619794930.
2, 3, 5, 1123, 18397
List the prime factors of 141512804.
2, 4463, 7927
List the prime factors of 94613824.
2, 281, 5261
What are the prime factors of 2407073694?
2, 3, 23, 43, 405641
List the prime factors of 1183642579.
7, 492979
List the prime factors of 573681833.
353, 373, 4357
What are the prime factors of 120858157?
7, 2466493
List the prime factors of 4106756936.
2, 137, 617, 6073
What are the prime factors of 28094526?
2, 3, 61, 2843
What are the prime factors of 640045421?
640045421
List the prime factors of 275163826.
2, 7, 2579, 7621
What are the prime factors of 3989717968?
2, 307, 521, 1559
What are the prime factors of 1618030764?
2, 3, 7, 917251
List the prime factors of 13957957.
13, 79, 13591
List the prime factors of 56057093.
53, 1057681
What are the prime factors of 9097322?
2, 13, 31, 11287
What are the prime factors of 415498565?
5, 23, 47, 76873
What are the prime factors of 1277898546?
2, 3, 103, 2067797
What are the prime factors of 903814766?
2, 97, 709, 6571
What are the prime factors of 35246000?
2, 5, 17623
What are the prime factors of 47536781?
1201, 39581
List the prime factors of 41357633.
631, 65543
List the prime factors of 1294212468.
2, 3, 67, 1609717
What are the prime factors of 96744911?
96744911
What are the prime factors of 194538142?
2, 97269071
List the prime factors of 3265575312.
2, 3, 68032819
What are the prime factors of 27285158?
2, 71, 192149
List the prime factors of 12191056.
2, 37, 20593
List the prime factors of 3215864126.
2, 17, 94584239
List the prime factors of 26906000.
2, 5, 11, 1223
What are the prime factors of 697188621?
3, 2621, 88667
What are the prime factors of 828600944?
2, 17, 19, 23, 6971
List the prime factors of 112757571.
3, 19, 31, 89, 239
List the prime factors of 1694055852.
2, 3, 367, 128221
List the prime factors of 959457939.
3, 11, 29074483
What are the prime factors of 213716662?
2, 37, 1013, 2851
List the prime factors of 885553140.
2, 3, 5, 19, 776801
List the prime factors of 55052457.
3, 569, 32251
List the prime factors of 117058560.
2, 3, 5, 7621
What are the prime factors of 40379876?
2, 37, 251, 1087
List the prime factors of 82963680.
2, 3, 5, 307, 563
What are the prime factors of 2126879593?
2126879593
List the prime factors of 963670415.
5, 17, 11337299
List the prime factors of 765374126.
2, 11, 3162703
List the prime factors of 126721525.
5, 7, 724123
What are the prime factors of 151589740?
2, 5, 37, 127, 1613
List the prime factors of 5872141180.
2, 5, 139, 859, 2459
What are the prime factors of 1521152795?
5, 31, 9813889
What are the prime factors of 2569753389?
3, 7, 53, 2308853
What are the prime factors of 126149986?
2, 23, 73, 37567
List the prime factors of 19468465.
5, 23, 31, 43, 127
List the prime factors of 634614732.
2, 3, 17628187
List the prime factors of 2026597241.
41, 49429201
What are the prime factors of 5596931319?
3, 7, 266520539
List the prime factors of 17363210.
2, 5, 47, 36943
List the prime factors of 262726399.
13, 29, 696887
List the prime factors of 212918928.
2, 3, 29, 152959
What are the prime factors of 254858434?
2, 127429217
List the prime factors of 521124864.
2, 3, 13, 13049
List the prime factors of 175344955.
5, 35068991
What are the prime factors of 320986744?
2, 13, 43, 71777
List the prime factors of 79392293.
61, 509, 2557
What are the prime factors of 383568336?
2, 3, 2663669
What are the prime factors of 50141007?
3, 7, 17, 46817
List the prime factors of 31267113.
3, 10422371
What are the prime factors of 751168159?
7, 109, 193, 5101
What are the prime factors of 126534835?
5, 7, 379, 9539
List the prime factors of 124457536.
2, 7, 379, 733
What are the prime factors of 61059267?
3, 6784363
What are the prime factors of 243588394?
2, 7, 17399171
What are the prime factors of 405682131?
3, 29, 4663013
What are the prime factors of 85530341?
13, 6579257
What are the prime factors of 85746338?
2, 89, 481721
List the prime factors of 163206055.
5, 29, 1125559
What are the prime factors of 233200085?
5, 37, 1260541
List the prime factors of 765788943.
3, 255262981
What are the prime factors of 81021652?
2, 20255413
What are the prime factors of 605858680?
2, 5, 7, 839, 2579
What are the prime factors of 2477913495?
3, 5, 37, 463, 9643
What are the prime factors of 170268549?
3, 11, 17, 367, 827
What are the prime factors of 107698945?
5, 1523, 14143
What are the prime factors of 210161?
7, 4289
List the prime factors of 23801576.
2, 29, 102593
What are the prime factors of 14555815?
5, 2911163
What are the prime factors of 96056289?
3, 7, 1524703
List the prime factors of 59734447.
17, 163, 21557
What are the prime factors of 1722434421?
3, 574144807
What are the prime factors of 25756344?
2, 3, 357727
List the prime factors of 2261952649.
11, 205632059
What are the prime factors of 258869141?
258869141
List the prime factors of 455684548.
2, 11, 131, 7187
List the prime factors of 51211239.
3, 1831, 9323
List the prime factors of 1609981872.
2, 3, 17, 19, 103843
What are the prime factors of 99486991?
79, 1259329
List the prime factors of 1475498043.
3, 163944227
List the prime factors of 362264234.
2, 181132117
What are the prime factors of 1669194007?
13, 128399539
What are the prime factors of 5334475122?
2, 3, 29, 53, 192817
What are the prime factors of 426995358?
2, 3, 17, 97, 103, 419
List the prime factors of 303210169.
1367, 221807
What are the prime factors of 96798455?
5, 13, 1489207
List the prime factors of 217581985.
5, 71, 109, 5623
What are the prime factors of 30468782?
2, 401, 37991
List the prime factors of 50339657.
5153, 9769
What are the prime factors of 888076726?
2, 444038363
List the prime factors of 153951142.
2, 76975571
List the prime factors of 2665359788.
2, 7, 13, 31, 236207
What are the prime factors of 305521352?
2, 59, 73, 8867
List the prime factors of 9449350255.
5, 181, 337, 30983
What are the prime factors of 497231094?
2, 3, 82871849
List the prime factors of 1442860724.
2, 131, 2753551
What are the prime factors of 164230766?
2, 7, 1193, 9833
What are the prime factors of 127347911?
10223, 12457
What are the prime factors of 155460225?
3, 5, 1361, 1523
List the prime factors of 130811813.
11, 2161, 5503
What are the prime factors of 7261235742?
2, 3, 1210205957
List the prime factors of 79014464.
2, 19, 181, 359
List the prime factors of 2078971969.
2078971969
What are the prime factors of 200012114?
2, 199, 502543
What are the prime factors of 96677798?
2, 7, 2551, 2707
List the prime factors of 189902991.
3, 29, 67, 32579
What are the prime factors of 707432993?
211, 3352763
What are the prime factors of 140777638?
2, 101, 137, 5087
List the prime factors of 1142466208.
2, 13, 181, 15173
What are the prime factors of 1129873518?
2, 3, 62770751
List the prime factors of 9931702.
2, 11, 451441
List the prime factors of 1762200235.
5, 383, 920209
What are the prime factors of 19814147?
59, 335833
List the prime factors of 1497248512.
2, 37, 158071
What are the prime factors of 177614536?
2, 11, 1303, 1549
What are the prime factors of 37579096?
2, 4697387
What are the prime factors of 3210137203?
7, 13, 31, 283, 4021
List the prime factors of 145387210.
2, 5, 31, 59, 7949
List the prime factors of 182561462.
2, 19, 4804249
What are the prime factors of 34648788?
2, 3, 17, 97, 103
What are the prime factors of 1544649693?
3, 37,